 - 2*q**2. What is u(z)?
14
Let j = -11818 - -11815. Let t(v) = -2*v**2 + v - 3. Determine t(j).
-24
Let f(r) be the first derivative of -15*r**2/2 - 261*r - 1507. What is f(-17)?
-6
Let y(z) be the third derivative of -z**7/420 + z**5/10 + z**4/6 - 26*z**2. Let o(f) be the third derivative of y(f). Determine o(-1).
12
Let s(m) = -m - 2. Suppose 0 = -3*v - 2*v + 15. Let c(z) = -z**3 + 4*z**2 - 3*z + 2. Let w be c(v). Suppose -3*b - w*b - 10 = 0. Give s(b).
0
Let k(n) = 4*n + 20. Let p = 7681 + -7687. Determine k(p).
-4
Let t = 88 + -85. Let c(a) = 7 - 5*a - t*a + 8*a - 2*a. Give c(8).
-9
Let l = -2173 + 2182. Let p(h) = 2*h - 10. Calculate p(l).
8
Suppose a + 3*n - 12 = 0, 0*a = -4*a - 2*n + 28. Let z(f) = 26*f**2 - 16*f**2 + 0 - 2*f**2 + f - 2*f**2 - 5*f**2 + 3. What is z(a)?
45
Let s(z) = 150 + 202*z + 214*z - 396*z. Calculate s(-7).
10
Let y(i) be the first derivative of -i**4/4 + 2*i**3/3 + 19*i**2 + 10*i - 1219. What is y(-5)?
-5
Suppose 5 - 1 = -t. Let m(x) = 104*x**2 - 4*x + 107*x**2 - 315*x**2 - 3 + 106*x**2 + x**3. Determine m(t).
-19
Let z(h) = 3*h - 9. Let b(f) = 17*f + 26. Let n(d) = -5*d - 9. Let y(x) = 2*b(x) + 7*n(x). Let s be y(-17). Calculate z(s).
9
Let l(m) = m**2. Let o be 15/60 + (-111)/(-4). Suppose -3*u + 6*v - o = v, 4*u + 2*v = 6. Let n = 3 + u. Give l(n).
4
Let z(y) = 8*y**3 - 18*y**2 - 143*y - 28. Let f(u) = -7*u**3 + 18*u**2 + 136*u + 28. Let r(p) = 9*f(p) + 8*z(p). What is r(-11)?
-5
Let p(w) = w - 1. Let a be p(5). Let d(k) = k - 2*k + 0*k**3 + 3*k**3 - 5*k**2 + 1 - a*k**3. Let c = -89 + 84. Give d(c).
6
Let k = 64242 - 64236. Suppose r - 14 = 3*v - 3*r, -5*v - r = -15. Let y(t) = t**2 - 2*t**2 + v + 5*t + 1. Give y(k).
-3
Let k(n) = 43 - 2*n - 3*n + 9*n + 3*n + 7. Determine k(-8).
-6
Let c(d) = -5*d - 22. Let g(n) = -2*n - 8. Let u be ((-2)/5*-5)/((-6)/9). Let s(o) = u*c(o) + 8*g(o). Calculate s(5).
-3
Let n(d) be the third derivative of d**6/120 - d**5/12 - d**4/6 - 3*d**3/2 + 1989*d**2. Give n(6).
3
Let j(g) be the third derivative of g**4/8 - 16*g**3/3 - 2*g**2 - 138. Calculate j(5).
-17
Let x = -43 + 47. Suppose d - 1 = 2, x*d = -3*g. Let s(r) = -10*r - 7. Let h(a) = -9*a - 6. Let z(c) = -6*h(c) + 5*s(c). Determine z(g).
-15
Let z be 21/(-14)*(-96)/18. Suppose z*t = 3*t + t. Let q(k) = k + 4. Give q(t).
4
Let m(v) = 6*v - 73. Let c(n) = n - 12. Let j(r) = -8*c(r) + m(r). Give j(12).
-1
Let v = 2854 - 2853. Let c(o) = -32*o - 1. What is c(v)?
-33
Suppose -10*p + 16*p - 30 = 0. Suppose 21*k - 26*k = -p. Let w(m) be the third derivative of -m**5/30 + 3*m**2. Calculate w(k).
-2
Let z(o) = -11*o**2 + 5*o + 7. Let v be z(-3). Let h = 113 + v. Let d(s) = 10 - h + 3*s - s. Determine d(-4).
-4
Let c(q) be the second derivative of q**4/12 + q**3 - 48*q**2 - 3091*q. Determine c(-13).
-5
Let g(a) = -5*a**3 - 7*a**2 + 0*a**3 + 10 + a + 4*a**3. Suppose -1611*r = -1615*r + 2808. Let i = -709 + r. Give g(i).
3
Let v(y) be the third derivative of -y**6/120 - y**5/10 + 5*y**4/24 - 5*y**3/2 - 4*y**2 + 14. Calculate v(-7).
-1
Let k be 3 + ((-5)/45 - (-2)/18). Let a(q) = 4*q**2 - 2. Let w(z) = -5*z**2 + z + 3. Let h(x) = k*w(x) + 4*a(x). What is h(5)?
41
Let n(z) = 18*z - 45. Let r(y) = -23*y + 49. Let i(m) = 4*n(m) + 3*r(m). Determine i(12).
3
Let p(h) = -2*h**2 - 8078371*h + 8078395*h - 59 + 4*h**2. Determine p(-14).
-3
Let y(h) = -7*h**2 - 10*h + 23. Let u(g) = -13*g**2 - 19*g + 43. Suppose 17*q - 12*q + 55 = -2*r, -5*q - 55 = r. Let w(c) = q*y(c) + 6*u(c). What is w(-4)?
5
Let p(n) be the third derivative of -1/60*n**5 + 0*n**4 + 91*n**2 + 0*n + 0 + 5/6*n**3. Determine p(4).
-11
Let n = 2931 - 2899. Suppose 3*f = -6 + 18. Suppose -f*o + 4*i = n, 4*i - 5*i = 3*o + 24. Let m(u) = u**2 + 11*u + 11. Determine m(o).
-13
Let m(i) = -2*i - 63. Let c(t) = 10*t + 302. Let r(y) = c(y) + 2*m(y). Calculate r(-29).
2
Let f(g) = -g - 2. Suppose -5*a + 60 + 89 = 2*r, a = 3*r + 23. Suppose 9*q = -a*q - 304. Calculate f(q).
6
Let n(d) be the third derivative of 5*d**4/2 + 56*d**3/3 + 3*d**2 - d - 548. Calculate n(-2).
-8
Suppose 2*d = -3*x + 4*x - 1036, 2596 = -5*d + x. Let b = -358 - d. Let t(w) = 2*w**2 + 3*w**3 - 160 + b + 0*w**3 + 3*w. Determine t(-2).
-20
Let d be (9 - 3)*(-2)/3. Let c(k) = 55*k**2 - 34*k**2 - 8*k - 23*k**2 - 3. Let z(n) = -2*n - 1. Let b(s) = -c(s) + 2*z(s). Calculate b(d).
17
Let f(u) be the first derivative of u**4/12 - u**3/3 - 47*u**2 + u + 292. Let r(s) be the second derivative of f(s). Suppose 4*q - q - 18 = 0. Give r(q).
10
Let m(f) = -f**2 + 14*f - 28. Suppose -5*b = -44636 + 44596. Determine m(b).
20
Let z(b) = 74*b**3 - b**2. Let j(u) = -297*u**3 + 12*u**2 + 2*u - 7. Let x(o) = j(o) + 4*z(o). Let k be (9 - (-1 - -2)) + 0. Determine x(k).
9
Let s be (-16)/(-24) - (-2)/(-3). Suppose -p + 3 + 0 = s. Let m(v) = 6*v**p - 5*v**3 - v + 6 - 2*v**3. What is m(0)?
6
Let m(k) = k**2 - 2*k + 1. Let d = -23 + 2. Let b = 9 - d. Let g = b + -33. Calculate m(g).
16
Let v(p) = 2*p - 1. Let k(i) = i. Let j(t) = -6*k(t) + 5*v(t). Let n(u) = 7*u**3 + 53*u**2 + 64*u - 17. Let h be n(-6). What is j(h)?
-25
Let k be (-4)/22 + (480/55)/4. Suppose k = -x - 3. Let z(s) = 5*s**2 - 2*s - 10. Let v(p) = -p**2 + 2*p + 3. Let t(m) = -4*v(m) - z(m). What is t(x)?
3
Let c(h) be the second derivative of h**4/24 + 2*h**3/3 - 143*h**2/2 + 141*h. Let q(d) be the first derivative of c(d). What is q(-10)?
-6
Let d(q) = q**3 + 14*q**2 + 31*q - 15. Suppose 0 = -5*r + i - 50, -3303*i - 5 = -3302*i. Determine d(r).
7
Let f(k) = -k**2 - 1. Let l(w) = 3*w**2 + 6*w + 11. Let u(j) = -2*f(j) - l(j). Let x = -254 - -248. Determine u(x).
-9
Let c(z) = -z**2 + 51*z - 2. Let i(g) = 3*g**2 - 145*g + 5. Let r(n) = -17*c(n) - 6*i(n). Let m = -17 - -15. Calculate r(m).
-6
Let j(l) = 109*l + 100. Let a be j(-1). Let y(f) = 3*f + 9. Give y(a).
-18
Let h(a) = a - 2. Suppose 450 = 51*d - 41*d. Suppose -2*z = -d + 63. What is h(z)?
-11
Let v = 23 - 10. Suppose 0 = -4*g - b + 17, -36 = -5*g - 3*b - v. Let p(x) be the second derivative of -x**3 + 3*x**2/2 + x. Determine p(g).
-21
Let u(v) = -112944 + 8*v - 18*v - 12*v + 112985. Give u(3).
-25
Let a(p) = 12*p + 253. Let h = 5140 + -5161. What is a(h)?
1
Let k(v) = -4*v + 10. Let z be -185 + (396/(-90) - 4/(-10)). Let s = 196 + z. What is k(s)?
-18
Let w(a) = -a + 2. Suppose -s = v + 2*s - 19, 0 = 5*s - 15. Let c be -7*(v - 11)*(5 + 1). Let b be ((-5)/(-15))/((-2)/c). Give w(b).
9
Suppose -25 = 17*q + 60. Let z(k) = -k**2 + 11*k - 24. Let o be z(6). Let x(l) = -7*l - l**2 - 3 + o*l - l. Calculate x(q).
-18
Let n(q) = 6 - 13*q + 55*q + q**2 - 1 - 34*q + q**2. Calculate n(4).
69
Let a(s) be the first derivative of 1/2*s**3 + 5/24*s**4 + 1/12*s**5 - 1/120*s**6 - 8*s**2 + 0*s + 4. Let q(u) be the second derivative of a(u). What is q(6)?
-3
Suppose -4*v = -26 - 14. Suppose -2*b + 3*t - 38 = 0, 4*t = 6 - 14. Let j be (-4)/v + b/(-5) + 2. Let o(w) = -2*w + 2. Calculate o(j).
-10
Let a(y) = y**3 + 18*y**2 + 18*y + 25. Let k = 276 + -293. Give a(k).
8
Let s(p) be the first derivative of -p**5/120 + p**4/12 + 19*p**3/3 + 80. Let a(b) be the third derivative of s(b). Calculate a(-6).
8
Let r(t) = -10*t - 101. Let u(v) = 4*v + 33. Let k(q) = 4*r(q) + 11*u(q). Give k(10).
-1
Let o(d) = -d**3 - 27*d**2 + 29*d - 22. Let w be 410/(-41) - (4 + 14). Give o(w).
-50
Let o be 232 + 4/((-24)/30). Let f = o - 226. Let g(c) = 29*c**3 + c**2. What is g(f)?
30
Let w(j) = -225 - 43 + 39 + 62 + 10*j. Determine w(15).
-17
Let h(f) = 66 - f**3 - 3*f**2 + 2*f - 64 - f**2. Let o(b) = -b**3 + 8*b**2 + 293*b - 1834. Let g be o(6). What is h(g)?
-6
Let r(c) = -c**3 - 7*c**2 + 7*c - 7. Suppose -19*z = -20*z + 2. Let g be (1 + 9)/(z/16). Suppose -16*k - g = -6*k. Determine r(k).
1
Let t(w) = -2*w - 83. Let n be (-394)/9 - 100/450. What is t(n)?
5
Let w(b) = 20*b + 100. Let d = 7866 - 7871. Give w(d).
0
Let n be -2*8*8/(-2). Suppose 22 = 2*d + 2*a, -4*d - 21 = -3*a - 16. Let g be (-304)/n - 1/d. Let p(b) = b**2 + 7*b + 5. Determine p(g).
-5
Let q(m) = 11*m - 51. Let u = 5849 - 5844. Give q(u).
4
Let v(y) = y - 2. Let b be (102/(-17))/((-6)/16). Suppose b = u - 0*u - 3*f, -5*f = 3*u + 22. Determine v(u).
-1
Let k(y) = y - 1. Let f(h) = -6*h - 7. Let n(s) = -f(s) - 5*k(s). Let m be n(7). Let w = m - 13. Let c(q) = q**2 - 7*q + 1. What is c(w)?
-5
Let d(t) = 